{"id":13,"date":"2018-04-23T17:00:14","date_gmt":"2018-04-23T15:00:14","guid":{"rendered":"http:\/\/lestempselectriques.net\/?page_id=13"},"modified":"2023-12-16T09:07:04","modified_gmt":"2023-12-16T08:07:04","slug":"a-propos","status":"publish","type":"page","link":"https:\/\/lestempselectriques.net\/index.php\/a-propos\/","title":{"rendered":"Animateurs du Blog et du Podcast"},"content":{"rendered":"\n<p><strong>Le Blog<\/strong><\/p>\n\n\n<div class=\"wp-block-image\">\n<figure class=\"alignleft\"><img loading=\"lazy\" decoding=\"async\" width=\"150\" height=\"150\" src=\"https:\/\/lestempselectriques.net\/wp-content\/uploads\/2020\/03\/Y.MENECEUR_nb-150x150.jpg\" alt=\"\" class=\"wp-image-824\" srcset=\"https:\/\/lestempselectriques.net\/wp-content\/uploads\/2020\/03\/Y.MENECEUR_nb-150x150.jpg 150w, https:\/\/lestempselectriques.net\/wp-content\/uploads\/2020\/03\/Y.MENECEUR_nb-300x300.jpg 300w, https:\/\/lestempselectriques.net\/wp-content\/uploads\/2020\/03\/Y.MENECEUR_nb-768x768.jpg 768w, https:\/\/lestempselectriques.net\/wp-content\/uploads\/2020\/03\/Y.MENECEUR_nb-1024x1024.jpg 1024w, https:\/\/lestempselectriques.net\/wp-content\/uploads\/2020\/03\/Y.MENECEUR_nb-100x100.jpg 100w\" sizes=\"auto, (max-width: 150px) 100vw, 150px\" \/><\/figure>\n<\/div>\n\n\n<p><strong>Yannick Meneceur<\/strong>\u00a0est magistrat de l\u2019ordre judiciaire en disponibilit\u00e9, chef de division au Conseil de l\u2019Europe et candidat \u00e0 la th\u00e8se de doctorat en droit \u00e0 l\u2019universit\u00e9 de Paris-Saclay sur la r\u00e9gulation de l\u2019intelligence artificielle. Il a \u00e9t\u00e9 ma\u00eetre de conf\u00e9rences associ\u00e9 \u00e0 l\u2019universit\u00e9 de Strasbourg en droit du num\u00e9rique, directeur de session \u00e0 l\u2019ENM et ancien \u00e9l\u00e8ve de l\u2019IRA de Lille (qualification analyste).\u00a0En tant que magistrat, il a exerc\u00e9 des fonctions p\u00e9nales, notamment en mati\u00e8re de lutte contre la cybercriminalit\u00e9 et la contrefa\u00e7on. Il a aussi dirig\u00e9 au minist\u00e8re de la Justice un important projet informatique national. Au Conseil de l\u2019Europe, il a contribu\u00e9 \u00e0 l\u2019analyse comparative des syst\u00e8mes judiciaires europ\u00e9ens et a d\u00e9velopp\u00e9 une expertise en mati\u00e8re de r\u00e9gulation de la transformation num\u00e9rique, notamment en ce qui concerne l\u2019intelligence artificielle.\u00a0Son premier ouvrage, \u00ab\u00a0<a href=\"https:\/\/lestempselectriques.net\/index.php\/lintelligence-artificielle-en-proces\/\">L\u2019intelligence artificielle en proc\u00e8s<\/a>\u00a0\u00bb, a \u00e9t\u00e9 publi\u00e9 en mai 2020 dans la collection Macro Droit \u2013 Micro Droit aux \u00e9ditions Bruylant et a re\u00e7u le prix du Cercle Montesquieu en 2021.<\/p>\n\n\n\n<p>CV sur demande : <a rel=\"noreferrer noopener\" href=\"mailto:contact.ym@pm.me\" target=\"_blank\">contact.ym[@]pm.me<\/a> | <a rel=\"noreferrer noopener\" href=\"http:\/\/www.linkedin.com\/in\/yannickmeneceur\" target=\"_blank\">LinkedIn<\/a> | <a rel=\"noreferrer noopener\" href=\"https:\/\/twitter.com\/YannickMeneceur\" target=\"_blank\">Twitter<\/a> | <a rel=\"noreferrer noopener\" href=\"https:\/\/www.facebook.com\/yannick.meneceur\" target=\"_blank\">Facebook<\/a> | <a rel=\"noreferrer noopener\" href=\"https:\/\/www.instagram.com\/yannick.meneceur\/\" target=\"_blank\">Instagram<\/a><\/p>\n\n\n\n<p><strong>Le Podcast<\/strong><\/p>\n\n\n<div class=\"wp-block-image\">\n<figure class=\"alignleft\"><img loading=\"lazy\" decoding=\"async\" width=\"150\" height=\"150\" src=\"http:\/\/lestempselectriques.net\/wp-content\/uploads\/2018\/04\/sophie-1-200x200-150x150.png\" alt=\"\" class=\"wp-image-14\" srcset=\"https:\/\/lestempselectriques.net\/wp-content\/uploads\/2018\/04\/sophie-1-200x200-150x150.png 150w, https:\/\/lestempselectriques.net\/wp-content\/uploads\/2018\/04\/sophie-1-200x200-100x100.png 100w, https:\/\/lestempselectriques.net\/wp-content\/uploads\/2018\/04\/sophie-1-200x200.png 200w\" sizes=\"auto, (max-width: 150px) 100vw, 150px\" \/><\/figure>\n<\/div>\n\n\n<p><strong>Sophie Sontag Koenig<\/strong>&nbsp;est&nbsp;l\u2019auteure de la th\u00e8se \u00abTechnologies de l\u2019information et de la communication et d\u00e9fense p\u00e9nale&nbsp;\u00bb, r\u00e9compens\u00e9e par le prix&nbsp;<a href=\"https:\/\/maps.google.com\/?q=Vend%C3%B4me+2014&amp;entry=gmail&amp;source=g\">Vend\u00f4me 2014<\/a>&nbsp;(aux \u00e9ditions Mare &amp; Martin 2015). Apr\u00e8s une exp\u00e9rience professionnelle comme avocate au Barreau de Paris, elle s\u2019est progressivement sp\u00e9cialis\u00e9e en proc\u00e9dure p\u00e9nale et en droit du num\u00e9rique. Elle est aujourd\u2019hui ma\u00eetresse de conf\u00e9rences \u00e0 l\u2019universit\u00e9 Paris Nanterre. Experte scientifique pour le Conseil de l\u2019Europe, elle a collabor\u00e9 en 2016 \u00e0 la r\u00e9daction du rapport de la Commission europ\u00e9enne pour l\u2019efficacit\u00e9 de la justice (CEPEJ) sur l\u2019utilisation des technologies de l\u2019information les tribunaux en Europe. En 2018, elle a \u00e9galement particip\u00e9 au rapport sur l\u2019Arbitrage en ligne du Club des juristes.&nbsp;<\/p>\n\n\n\n<p class=\"has-medium-font-size\"><\/p>\n","protected":false},"excerpt":{"rendered":"<p>Le Blog Yannick Meneceur\u00a0est magistrat de l\u2019ordre judiciaire en disponibilit\u00e9, chef de division au Conseil de l\u2019Europe et candidat \u00e0 la th\u00e8se de doctorat en droit \u00e0 l\u2019universit\u00e9 de Paris-Saclay sur la r\u00e9gulation de l\u2019intelligence artificielle. Il a \u00e9t\u00e9 ma\u00eetre de conf\u00e9rences associ\u00e9 \u00e0 l\u2019universit\u00e9 de Strasbourg en droit du num\u00e9rique, directeur de session \u00e0&hellip; <a class=\"read-more-link\" href=\"https:\/\/lestempselectriques.net\/index.php\/a-propos\/\">Plus&#8230;<\/a><\/p>\n","protected":false},"author":1,"featured_media":0,"parent":0,"menu_order":99,"comment_status":"closed","ping_status":"closed","template":"","meta":{"footnotes":""},"coauthors":[17],"class_list":["post-13","page","type-page","status-publish","hentry"],"jetpack_sharing_enabled":true,"_links":{"self":[{"href":"https:\/\/lestempselectriques.net\/index.php\/wp-json\/wp\/v2\/pages\/13","targetHints":{"allow":["GET"]}}],"collection":[{"href":"https:\/\/lestempselectriques.net\/index.php\/wp-json\/wp\/v2\/pages"}],"about":[{"href":"https:\/\/lestempselectriques.net\/index.php\/wp-json\/wp\/v2\/types\/page"}],"author":[{"embeddable":true,"href":"https:\/\/lestempselectriques.net\/index.php\/wp-json\/wp\/v2\/users\/1"}],"replies":[{"embeddable":true,"href":"https:\/\/lestempselectriques.net\/index.php\/wp-json\/wp\/v2\/comments?post=13"}],"version-history":[{"count":36,"href":"https:\/\/lestempselectriques.net\/index.php\/wp-json\/wp\/v2\/pages\/13\/revisions"}],"predecessor-version":[{"id":2326,"href":"https:\/\/lestempselectriques.net\/index.php\/wp-json\/wp\/v2\/pages\/13\/revisions\/2326"}],"wp:attachment":[{"href":"https:\/\/lestempselectriques.net\/index.php\/wp-json\/wp\/v2\/media?parent=13"}],"wp:term":[{"taxonomy":"author","embeddable":true,"href":"https:\/\/lestempselectriques.net\/index.php\/wp-json\/wp\/v2\/coauthors?post=13"}],"curies":[{"name":"wp","href":"https:\/\/api.w.org\/{rel}","templated":true}]}}