{"id":207,"date":"2018-04-28T12:27:31","date_gmt":"2018-04-28T10:27:31","guid":{"rendered":"http:\/\/lestempselectriques.net\/?page_id=207"},"modified":"2024-12-07T19:46:51","modified_gmt":"2024-12-07T18:46:51","slug":"blog","status":"publish","type":"page","link":"https:\/\/lestempselectriques.net\/","title":{"rendered":"Timeline"},"content":{"rendered":"\n<h1 class=\"wp-block-heading\"><strong>Les temps \u00e9lectriques, c&rsquo;est quoi?<\/strong><\/h1>\n\n\n\n<p>Les temps \u00e9lectriques, ce sont ceux d\u00e9crits par l&rsquo;auteur de science-fiction Philip K. Dick, dans le roman \u00ab\u00a0Les andro\u00efdes r\u00eavent-ils de moutons \u00e9lectriques ?\u00a0\u00bb, des temps o\u00f9 l&rsquo;humanit\u00e9 y est interrog\u00e9e en miroir de robots plus intelligents que leurs concepteurs.<\/p>\n\n\n\n<p>Notre pr\u00e9sent tisse d\u00e9j\u00e0 ce futur, en introduisant dans notre quotidien l&rsquo;intelligence artificielle, le calcul de risque, les probabilit\u00e9s, la pr\u00e9vision voire m\u00eame la pr\u00e9diction dans tous les champs de l&rsquo;activit\u00e9 humaine.<\/p>\n\n\n\n<p>Ce blog, pendant \u00e9crit du <a href=\"https:\/\/radio.amicus-curiae.net\/series\/les-temps-electriques\/\">Podcast anim\u00e9 par Sophie Sontag-Sontag Koenig sur Amicus Radio<\/a>, vise \u00e0 contextualiser la transformation du droit et de la justice \u00e0 l&rsquo;\u00e8re num\u00e9rique.<\/p>\n\n\n\n<figure class=\"wp-block-audio\"><audio controls src=\"https:\/\/lestempselectriques.net\/wp-content\/uploads\/2020\/03\/LTEpresentationPAD-1.mp3\"><\/audio><\/figure>\n\n\n\n<hr class=\"wp-block-separator has-css-opacity\"\/>\n\n\n\n<h1 class=\"wp-block-heading\"><strong>Les derniers posts<\/strong><\/h1>\n\n\n\n","protected":false},"excerpt":{"rendered":"<p>Les temps \u00e9lectriques, c&rsquo;est quoi? Les temps \u00e9lectriques, ce sont ceux d\u00e9crits par l&rsquo;auteur de science-fiction Philip K. Dick, dans le roman \u00ab\u00a0Les andro\u00efdes r\u00eavent-ils de moutons \u00e9lectriques ?\u00a0\u00bb, des temps o\u00f9 l&rsquo;humanit\u00e9 y est interrog\u00e9e en miroir de robots plus intelligents que leurs concepteurs. Notre pr\u00e9sent tisse d\u00e9j\u00e0 ce futur, en introduisant dans notre&hellip; <a class=\"read-more-link\" href=\"https:\/\/lestempselectriques.net\/\">Plus&#8230;<\/a><\/p>\n","protected":false},"author":1,"featured_media":0,"parent":0,"menu_order":5,"comment_status":"closed","ping_status":"closed","template":"","meta":{"footnotes":""},"coauthors":[17],"class_list":["post-207","page","type-page","status-publish","hentry"],"jetpack_sharing_enabled":true,"_links":{"self":[{"href":"https:\/\/lestempselectriques.net\/index.php\/wp-json\/wp\/v2\/pages\/207","targetHints":{"allow":["GET"]}}],"collection":[{"href":"https:\/\/lestempselectriques.net\/index.php\/wp-json\/wp\/v2\/pages"}],"about":[{"href":"https:\/\/lestempselectriques.net\/index.php\/wp-json\/wp\/v2\/types\/page"}],"author":[{"embeddable":true,"href":"https:\/\/lestempselectriques.net\/index.php\/wp-json\/wp\/v2\/users\/1"}],"replies":[{"embeddable":true,"href":"https:\/\/lestempselectriques.net\/index.php\/wp-json\/wp\/v2\/comments?post=207"}],"version-history":[{"count":79,"href":"https:\/\/lestempselectriques.net\/index.php\/wp-json\/wp\/v2\/pages\/207\/revisions"}],"predecessor-version":[{"id":2366,"href":"https:\/\/lestempselectriques.net\/index.php\/wp-json\/wp\/v2\/pages\/207\/revisions\/2366"}],"wp:attachment":[{"href":"https:\/\/lestempselectriques.net\/index.php\/wp-json\/wp\/v2\/media?parent=207"}],"wp:term":[{"taxonomy":"author","embeddable":true,"href":"https:\/\/lestempselectriques.net\/index.php\/wp-json\/wp\/v2\/coauthors?post=207"}],"curies":[{"name":"wp","href":"https:\/\/api.w.org\/{rel}","templated":true}]}}