{"id":2329,"date":"2024-12-07T10:59:21","date_gmt":"2024-12-07T09:59:21","guid":{"rendered":"https:\/\/lestempselectriques.net\/?page_id=2329"},"modified":"2024-12-07T19:30:36","modified_gmt":"2024-12-07T18:30:36","slug":"ia-generative-et-professionnels-du-droit","status":"publish","type":"page","link":"https:\/\/lestempselectriques.net\/index.php\/ia-generative-et-professionnels-du-droit\/","title":{"rendered":"IA g\u00e9n\u00e9rative et professionnels du droit"},"content":{"rendered":"\n<p class=\"has-large-font-size\"><strong>IA g\u00e9n\u00e9rative et professionnels du droit<\/strong> &#8211; Comprendre et s&rsquo;approprier la langue des probables<\/p>\n\n\n<div class=\"wp-block-image\">\n<figure class=\"aligncenter size-full\"><img loading=\"lazy\" decoding=\"async\" width=\"400\" height=\"582\" src=\"https:\/\/lestempselectriques.net\/wp-content\/uploads\/2024\/12\/ia-generative-et-professionnels-du-droit.webp\" alt=\"\" class=\"wp-image-2330\" srcset=\"https:\/\/lestempselectriques.net\/wp-content\/uploads\/2024\/12\/ia-generative-et-professionnels-du-droit.webp 400w, https:\/\/lestempselectriques.net\/wp-content\/uploads\/2024\/12\/ia-generative-et-professionnels-du-droit-206x300.webp 206w\" sizes=\"auto, (max-width: 400px) 100vw, 400px\" \/><figcaption class=\"wp-element-caption\"><strong>IA g\u00e9n\u00e9rative et professionnels du droit<\/strong><br>Comprendre et s&rsquo;approprier la langue des probables<br>Pr\u00e9face d&rsquo;<a href=\"https:\/\/www.linkedin.com\/in\/alexandra-bensamoun-b3964298\/?originalSubdomain=fr\">Alexandra Bensamoun<\/a><br><em>Collection Num\u00e9rique &amp; Droit<\/em><br><em>Editions LexisNexis &#8211; Paru le 13 novembre 2024<\/em><\/figcaption><\/figure>\n<\/div>\n\n\n<p class=\"has-text-align-center\"><strong>Commander le livre<\/strong> <strong>en ligne<\/strong> : <a href=\"https:\/\/boutique.lexisnexis.fr\/13394-ia-generative-et-professionnels-du-droit\/\">LexisNexis<\/a>, <a href=\"https:\/\/www.amazon.fr\/g\u00e9n\u00e9rative-professionnels-droit-Comprendre-approprier\/dp\/2711041654?ie=UTF8&amp;tag=googhydr0a8-21&amp;hvadid=722187040053&amp;hvpos=&amp;hvexid=&amp;hvnetw=g&amp;hvrand=5584507799439865888&amp;hvpone=&amp;hvptwo=&amp;hvqmt=&amp;hvdev=c&amp;ref=pd_sl_201vm76w34_e&amp;gad_source=1\">Amazon<\/a>, <a href=\"https:\/\/librairie-ecritoire.fr\/livre\/23827476-ia-generative-et-professionnels-du-droit-comprendre-et-s-approprier-la-langue-des-probables-yannick-meneceur-lexisnexis\">L&rsquo;Ecritoire<\/a>, <a href=\"https:\/\/www.lgdj.fr\/ia-generative-et-professionnels-du-droit-9782711041657.html\">LGDJ<\/a>, <a href=\"https:\/\/www.icigrandsboulevards.fr\/product\/1877398\/meneceur-yannick-ia-generative-et-professionnels-du-droit-comprendre-et-s-approprier-la-langue-des-probables\">ICI librairie<\/a>, <a href=\"https:\/\/www.laprocure.com\/product\/1640010\/meneceur-yannick-ia-generative-et-professionnels-du-droit-comprendre-et-s-approprier-la-langue-des-probables?srsltid=AfmBOoplfAyvdwEZVySd3xzrGisPP0C_BsI3UFmYCWxcZ3NQcgOLzL6e\">La Procure<\/a>, <a href=\"https:\/\/www.sauramps.com\/product\/1515852\/meneceur-yannick-ia-generative-et-professionnels-du-droit-comprendre-et-s-approprier-la-langue-des-probables\">Sauramps<\/a>, <a href=\"https:\/\/www.lalibrairie.com\/livres\/demystifier-et-s-approprier-les-systemes-d-intelligence-artificielle-generative_0-11473637_9782711041657.html\">Lalibrairie.com<\/a>, <a href=\"https:\/\/www.chapitre.com\/BOOK\/meneceur-yannick\/ia-generative-et-professionnels-du-droit-comprendre-et-s-approprier-la-langue-de,85384745.aspx\">Chapitre.com<\/a>, <a href=\"https:\/\/www.e.leclerc\/fp\/ia-generative-et-professionnels-du-droit-comprendre-et-s-approprier-la-langue-des-probables-broche-9782711041657?srsltid=AfmBOormnF7Xm3WEjp4UkYhvngPZ-48n8DZK0XI8E1Nc-D08HkFWCE_d\">E.Leclerc<\/a>, <a href=\"https:\/\/www.cultura.com\/p-demystifier-et-s-approprier-les-systemes-d-intelligence-artificielle-generative-la-langue-des-probables-9782711041657.html\">Cultura<\/a>, <a href=\"https:\/\/www.mollat.com\/livres\/3173441\/yannick-meneceur-ia-generative-et-professionnels-du-droit-comprendre-et-s-approprier-la-langue-des-probables\">Mollat<\/a>, <a href=\"https:\/\/www.eyrolles.com\/Entreprise\/Livre\/ia-generative-et-professionnels-du-droit-9782711041657\/?ae=32\">Eyrolles<\/a>, <a href=\"https:\/\/www.fnac.com\/a20672652\/Yannick-Meneceur-Demystifier-et-s-approprier-les-systemes-d-intelligence-artificielle-generative?eaf-publisher=AWIN&amp;eaf-name=generiqueaff&amp;eaf-creative=generiqueaff&amp;eaf-creativetype=1x1&amp;eseg-name=AWINID&amp;eseg-item=285065&amp;Origin=Awin285065&amp;sv1=affiliate&amp;sv_campaign_id=285065&amp;awc=12665_1733595179_e5f5d58e59ae64deac05cc447d379722\">FNAC<\/a>, <a href=\"https:\/\/www.librairie-kleber.com\/livre\/9782711041657-ia-generative-et-professionnels-du-droit-comprendre-et-s-approprier-la-langue-des-probables-yannick-meneceur\/\">Librairie Kl\u00e9ber<\/a><\/p>\n\n\n\n<p>&#8230; ou achetez-le chez votre libraire de quartier !<\/p>\n\n\n\n<p class=\"has-text-align-justify has-very-light-gray-background-color has-background has-small-font-size\">Rupture technologique historique pour les uns, nouvelle forme de bluff technologique pour les autres, l\u2019intelligence artificielle est au centre de toutes les attentions. La publication de ChatGPT, fin 2022, a raviv\u00e9 avec une vigueur in\u00e9dite la visibilit\u00e9 m\u00e9diatique de cette technologie, saturant l\u2019espace public de discours polaris\u00e9s o\u00f9 il devient parfois extr\u00eamement difficile de distinguer les croyances des faits prouv\u00e9s.<br><br>Cet ouvrage a l\u2019ambition d\u2019offrir une vue synth\u00e9tique, objectiv\u00e9e et document\u00e9e sur l\u2019intelligence artificielle (g\u00e9n\u00e9rative en particulier), au travers d\u2019un parcours p\u00e9dagogique d\u00e9coup\u00e9 en deux temps. Il pose tout d\u2019abord des bases techniques vulgaris\u00e9es, compl\u00e9t\u00e9es d\u2019un expos\u00e9 des principaux enjeux soci\u00e9taux et juridiques, pour fournir ensuite des conseils d\u2019utilisation concrets, pratiques et op\u00e9rationnels.<br><br>Si le propos s\u2019adresse particuli\u00e8rement aux professionnels et futurs professionnels du droit, pour les aider \u00e0 comprendre et s\u2019approprier les concepts et le vocabulaire d\u2019un domaine habituellement redout\u00e9 par les juristes, le c\u0153ur des d\u00e9veloppements int\u00e9ressera tout profane soucieux de se forger une culture g\u00e9n\u00e9rale num\u00e9rique et de s\u2019initier \u00e0 la grammaire de la langue des probables, employ\u00e9e dans les prompts.<\/p>\n\n\n\n<h1 class=\"wp-block-heading\"><strong>Actualit\u00e9s<\/strong><\/h1>\n\n\n<ul class=\"lcp_catlist\" id=\"lcp_instance_0\"><li><a href=\"https:\/\/lestempselectriques.net\/index.php\/2024\/12\/07\/la-langue-des-probables\/\" class=\"lcp_title\">La langue des probables<\/a><\/li><\/ul>\n\n\n\n<hr class=\"wp-block-separator has-css-opacity\"\/>\n\n\n\n<h1 class=\"wp-block-heading\"><strong>Liste d&rsquo;IA g\u00e9n\u00e9ratives<\/strong><\/h1>\n\n\n\n<p>Retrouvez une liste d&rsquo;IA g\u00e9n\u00e9ratives s\u00e9lectionn\u00e9es par l&rsquo;auteur : <a href=\"https:\/\/lestempselectriques.net\/index.php\/liste-dia-generatives\/\" data-type=\"page\" data-id=\"2347\">Liste d&rsquo;IA g\u00e9n\u00e9ratives s\u00e9lectionn\u00e9es par l&rsquo;auteur<\/a>.<\/p>\n\n\n\n<hr class=\"wp-block-separator has-css-opacity\"\/>\n\n\n\n<h1 class=\"wp-block-heading\"><strong>Sommaire<\/strong><\/h1>\n\n\n\n<p><em>Liste des principales abr\u00e9viations<\/em><br><em>Avertissement<\/em><br><em>Remerciements <\/em><br><em>Pr\u00e9face<\/em><br><em>Avant-propos<\/em><\/p>\n\n\n\n<p><strong><span style=\"text-decoration: underline;\">INTRODUCTION<\/span><\/strong><\/p>\n\n\n\n<p><strong><span style=\"text-decoration: underline;\">CHAPITRE 1 : NATURE TECHNIQUE DES SYST\u00c8MES D\u2019INTELLIGENCE ARTIFICIELLE<br>G\u00c9N\u00c9RATIVE<\/span><\/strong><\/p>\n\n\n\n<p><strong>\u00a7 1. \u2013 Syst\u00e8mes d\u2019intelligence artificielle g\u00e9n\u00e9rative : de quoi parle-t-on ?<\/strong><\/p>\n\n\n\n<p><em>A. \u2013 Les progr\u00e8s consid\u00e9rables de l\u2019intelligence artificielle<\/em> <em>avec l\u2019apprentissage profond<\/em><br><em>B. \u2013 Les larges mod\u00e8les de langage : une repr\u00e9sentation math\u00e9matique,<\/em> <em>statistique et probabiliste du langage<\/em><\/p>\n\n\n\n<p><strong>\u00a7 2. \u2013 Les fondements techniques des larges mod\u00e8les de langage<\/strong><\/p>\n\n\n\n<p><em>A. \u2013 Situer les r\u00e9seaux de neurones parmi les diff\u00e9rentes approches<\/em> <em>d\u2019intelligence artificielle<\/em><br><em>B. \u2013 Le word embedding<\/em><br><em>C. \u2013 Le m\u00e9canisme d\u2019attention<\/em><br><em>D. \u2013 La m\u00e9thode d\u2019auto-apprentissage mise en oeuvre pour les mod\u00e8les<\/em> <em>du type de ChatGPT<\/em><br><em>E. \u2013 Une logique de traitement \u00e9tendue \u00e0 d\u2019autres contenus<\/em><\/p>\n\n\n\n<p><strong>\u00a7 3. \u2013 Une mod\u00e9lisation du langage convaincante, de nature math\u00e9matique, statistique et probabiliste<\/strong><\/p>\n\n\n\n<p><em>A. \u2013 Des syst\u00e8mes produisant des contenus statistiquement vraisemblables,<\/em> <em>sans intention ou compr\u00e9hension<\/em><br><em>B. \u2013 Un perfectionnement et une complexification technique<\/em> <em>ne conduisant pas vers une intelligence artificielle de niveau humain<\/em><\/p>\n\n\n\n<p><strong><span style=\"text-decoration: underline;\">CHAPITRE 2 : ENJEUX ET LIMITES DES SYST\u00c8MES D\u2019INTELLIGENCE ARTIFICIELLE G\u00c9N\u00c9RATIVE<\/span><\/strong><\/p>\n\n\n\n<p><strong>\u00a7 1. \u2013 Une mod\u00e9lisation de contenu emportant les biais des donn\u00e9es captur\u00e9s dans les embeddings<\/strong><\/p>\n\n\n\n<p>A. <em>\u2013 L\u2019exemple du poids des termes dans la production de contenus<\/em><br><em>B. \u2013 Des biais, provenant des donn\u00e9es, renforc\u00e9s par la m\u00e9thode<\/em> <em>d\u2019embedding<\/em><\/p>\n\n\n\n<p><strong>\u00a7 2. \u2013 Une mod\u00e9lisation de contenu posant la question de l\u2019ad\u00e9quation des cadres juridiques actuel<\/strong>s<\/p>\n\n\n\n<p><em>A. \u2013 L\u2019exemple de l\u2019affaire port\u00e9e par le New York Times contre OpenAI<\/em> <em>et Microsoft<\/em><br><em>B. \u2013 Les droits des cr\u00e9ateurs r\u00e9affirm\u00e9s face aux besoins de l\u2019industrie num\u00e9rique<\/em><br><em>C. \u2013 La protection des oeuvres g\u00e9n\u00e9r\u00e9es par des intelligences artificielles<\/em><br><em>D. \u2013 Une pratique d\u2019extraction d\u00e9brid\u00e9e, devenue vitale<\/em><br><em>E. \u2013 Les solutions pour continuer de garantir une r\u00e9mun\u00e9ration<\/em> <em>aux cr\u00e9ateurs<\/em><\/p>\n\n\n\n<p><strong>\u00a7 3. \u2013 Un besoin consid\u00e9rable d\u2019\u00e9nergie<\/strong><\/p>\n\n\n\n<p><em>A. \u2013 Produire une image \u00e9quivaudrait \u00e0 la recharge compl\u00e8te<\/em> <em>d\u2019un smartphone<\/em><br><em>B. \u2013 Pour une adoption raisonn\u00e9e des \u00ab IA \u00bb g\u00e9n\u00e9ratives au vu de leur co\u00fbt<\/em> <em>carbone<\/em><\/p>\n\n\n\n<p><strong>\u00a7 4. \u2013 Les difficult\u00e9s pour probl\u00e9matiser notre rapport aux avanc\u00e9es technologiques telles que l\u2019intelligence artificielle<\/strong><\/p>\n\n\n\n<p><em>A. \u2013 Les cons\u00e9quences de d\u00e9cennies de gouvernance de la critique<\/em> <em>de l\u2019informatique et de ses sous-produits<\/em><br><em>B. \u2013 L\u2019informatique et l\u2019intelligence artificielle : des outils neutres ?<\/em><br><em>C. \u2013 L\u2019intelligence artificielle : une confusion entre innovation<\/em> <em>et \u00ab progr\u00e8s \u00bb ?<\/em><\/p>\n\n\n\n<p><strong><span style=\"text-decoration: underline;\">CHAPITRE 3 : PERSPECTIVES D\u2019EMPLOI DES SYST\u00c8MES D\u2019INTELLIGENCE ARTIFICIELLE G\u00c9N\u00c9RATIVE<\/span><\/strong><\/p>\n\n\n\n<p><strong>\u00a7 1. \u2013 Une \u00e9valuation pr\u00e9alable rigoureuse afin de pr\u00e9venir les risques<\/strong><\/p>\n\n\n\n<p><em>A. \u2013 \u00c9valuer le r\u00e9el besoin justifiant le recours \u00e0 une intelligence artificielle<\/em> <em>g\u00e9n\u00e9rative<\/em><br><em>B. \u2013 Anticiper les effets des biais cognitifs<\/em><br><em>C. \u2013 Pr\u00e9venir les atteintes collectives<\/em><\/p>\n\n\n\n<p><strong>\u00a7 2. \u2013 Exemples de cas d\u2019usages et de leur application pour les professions du droit<\/strong><\/p>\n\n\n\n<p><em>A. \u2013 La tenue de conversations<\/em><br><em>B. \u2013 La cr\u00e9ation de contenus<\/em><br><em>C. \u2013 L\u2019analyse de contenus<\/em><br><em>D. \u2013 Ce que les intelligences artificielles g\u00e9n\u00e9ratives ne sont pas<\/em><\/p>\n\n\n\n<p><strong><span style=\"text-decoration: underline;\">CHAPITRE 4 : PRINCIPES D\u2019ACTIONS POUR ENCADRER L\u2019IMPL\u00c9MENTATION DES SYST\u00c8MES D\u2019INTELLIGENCE ARTIFICIELLE G\u00c9N\u00c9RATIVE<\/span><\/strong><\/p>\n\n\n\n<p><strong>\u00a7 1. \u2013 Mise en place de lignes directrices pour l\u2019appropriation et l\u2019exploitation de l\u2019intelligence artificielle<\/strong><\/p>\n\n\n\n<p><em>A. \u2013 Phase d\u2019exploration et d\u2019appropriation : actions pr\u00e9alables<\/em> <em>\u00e0 l\u2019introduction dans les processus de travail<\/em><br><em>B. \u2013 Phase d\u2019exploitation : gouvernance des usages d\u2019intelligence artificielle,<\/em> <em>dont les intelligences artificielles g\u00e9n\u00e9ratives, dans les processus<\/em> de travail<\/p>\n\n\n\n<p><strong>\u00a7 2. \u2013 Anticiper une phase encore n\u00e9glig\u00e9e : la fin du cycle d\u2019exploitation<\/strong><\/p>\n\n\n\n<p><strong>\u00a7 3. \u2013 Bonnes pratiques d\u2019emploi des syst\u00e8mes d\u2019intelligence artificielle g\u00e9n\u00e9rative par les professions du droit<\/strong><\/p>\n\n\n\n<p><em>A. \u2013 Respecter les cadres juridiques et d\u00e9ontologique<\/em>s<br><em>B. \u2013 Pr\u00e9venir le solutionnisme technologique<\/em><br><em>C. \u2013 \u00catre transparent<\/em><br><em>D. \u2013 Garder la main<\/em><br><em>E. \u2013 Se former de mani\u00e8re continue<\/em><br><em>F. \u2013 Savoir s\u2019en dispenser<\/em><\/p>\n\n\n\n<p><strong><span style=\"text-decoration: underline;\">CONCLUSION<\/span><\/strong><\/p>\n\n\n\n<p><em>Annexe<\/em><br><em>Bibliographies s\u00e9lectives<\/em><br><em>Index des principaux auteurs cit\u00e9s<\/em><br><em>Index alphab\u00e9tique<\/em><\/p>\n","protected":false},"excerpt":{"rendered":"<p>IA g\u00e9n\u00e9rative et professionnels du droit &#8211; Comprendre et s&rsquo;approprier la langue des probables Commander le livre en ligne : LexisNexis, Amazon, L&rsquo;Ecritoire, LGDJ, ICI librairie, La Procure, Sauramps, Lalibrairie.com, Chapitre.com, E.Leclerc, Cultura, Mollat, Eyrolles, FNAC, Librairie Kl\u00e9ber &#8230; ou achetez-le chez votre libraire de quartier ! Rupture technologique historique pour les uns, nouvelle forme&hellip; <a class=\"read-more-link\" href=\"https:\/\/lestempselectriques.net\/index.php\/ia-generative-et-professionnels-du-droit\/\">Plus&#8230;<\/a><\/p>\n","protected":false},"author":1,"featured_media":0,"parent":0,"menu_order":5,"comment_status":"closed","ping_status":"closed","template":"","meta":{"footnotes":""},"coauthors":[17],"class_list":["post-2329","page","type-page","status-publish","hentry"],"jetpack_sharing_enabled":true,"_links":{"self":[{"href":"https:\/\/lestempselectriques.net\/index.php\/wp-json\/wp\/v2\/pages\/2329","targetHints":{"allow":["GET"]}}],"collection":[{"href":"https:\/\/lestempselectriques.net\/index.php\/wp-json\/wp\/v2\/pages"}],"about":[{"href":"https:\/\/lestempselectriques.net\/index.php\/wp-json\/wp\/v2\/types\/page"}],"author":[{"embeddable":true,"href":"https:\/\/lestempselectriques.net\/index.php\/wp-json\/wp\/v2\/users\/1"}],"replies":[{"embeddable":true,"href":"https:\/\/lestempselectriques.net\/index.php\/wp-json\/wp\/v2\/comments?post=2329"}],"version-history":[{"count":7,"href":"https:\/\/lestempselectriques.net\/index.php\/wp-json\/wp\/v2\/pages\/2329\/revisions"}],"predecessor-version":[{"id":2361,"href":"https:\/\/lestempselectriques.net\/index.php\/wp-json\/wp\/v2\/pages\/2329\/revisions\/2361"}],"wp:attachment":[{"href":"https:\/\/lestempselectriques.net\/index.php\/wp-json\/wp\/v2\/media?parent=2329"}],"wp:term":[{"taxonomy":"author","embeddable":true,"href":"https:\/\/lestempselectriques.net\/index.php\/wp-json\/wp\/v2\/coauthors?post=2329"}],"curies":[{"name":"wp","href":"https:\/\/api.w.org\/{rel}","templated":true}]}}